{"id":294,"date":"2025-07-04T21:18:34","date_gmt":"2025-07-04T21:18:34","guid":{"rendered":"https:\/\/elesaer.com.mx\/?page_id=294"},"modified":"2025-07-04T21:22:34","modified_gmt":"2025-07-04T21:22:34","slug":"transformador-tipo-seco","status":"publish","type":"page","link":"https:\/\/elesaer.com.mx\/?page_id=294","title":{"rendered":"Transformador tipo seco"},"content":{"rendered":"\t\t<div data-elementor-type=\"wp-page\" data-elementor-id=\"294\" class=\"elementor elementor-294\">\n\t\t\t\t<div class=\"elementor-element elementor-element-28f48ca e-flex e-con-boxed wpr-particle-no wpr-jarallax-no wpr-parallax-no wpr-sticky-section-no e-con e-parent\" data-id=\"28f48ca\" data-element_type=\"container\" data-settings=\"{&quot;background_background&quot;:&quot;classic&quot;}\">\n\t\t\t\t\t<div class=\"e-con-inner\">\n\t\t<div class=\"elementor-element elementor-element-aa2f6f7 e-con-full e-flex wpr-particle-no wpr-jarallax-no wpr-parallax-no wpr-sticky-section-no e-con e-child\" data-id=\"aa2f6f7\" data-element_type=\"container\">\n\t\t\t\t<div class=\"elementor-element elementor-element-af982a7 elementor-widget elementor-widget-spacer\" data-id=\"af982a7\" data-element_type=\"widget\" data-widget_type=\"spacer.default\">\n\t\t\t\t<div class=\"elementor-widget-container\">\n\t\t\t\t\t\t\t<div class=\"elementor-spacer\">\n\t\t\t<div class=\"elementor-spacer-inner\"><\/div>\n\t\t<\/div>\n\t\t\t\t\t\t<\/div>\n\t\t\t\t<\/div>\n\t\t\t\t<div class=\"elementor-element elementor-element-c8afd52 elementor-widget elementor-widget-heading\" data-id=\"c8afd52\" data-element_type=\"widget\" data-widget_type=\"heading.default\">\n\t\t\t\t<div class=\"elementor-widget-container\">\n\t\t\t\t\t<h2 class=\"elementor-heading-title elementor-size-default\">TRANSFORMADOR <\/h2>\t\t\t\t<\/div>\n\t\t\t\t<\/div>\n\t\t\t\t<div class=\"elementor-element elementor-element-5b608fd elementor-widget elementor-widget-heading\" data-id=\"5b608fd\" data-element_type=\"widget\" data-widget_type=\"heading.default\">\n\t\t\t\t<div class=\"elementor-widget-container\">\n\t\t\t\t\t<h2 class=\"elementor-heading-title elementor-size-default\"> TIPO SECO<\/h2>\t\t\t\t<\/div>\n\t\t\t\t<\/div>\n\t\t\t\t<div class=\"elementor-element elementor-element-2788d4c elementor-widget__width-initial elementor-widget elementor-widget-text-editor\" data-id=\"2788d4c\" data-element_type=\"widget\" data-widget_type=\"text-editor.default\">\n\t\t\t\t<div class=\"elementor-widget-container\">\n\t\t\t\t\t\t\t\t\t<p>Transformador de distribuci\u00f3n el\u00e9ctrica en baja tensi\u00f3n tipo Seco, para instalaciones residenciales, comerciales o industriales, su dise\u00f1o y caracter\u00edsticas permite instalarlo cercano al centro de carga para mejorar la regulaci\u00f3n de tensi\u00f3n y obtener la mejor eficiencia energ\u00e9tica en su instalaci\u00f3n, auto enfriado por aire \u201cAA\u201d con gabinete met\u00e1lico NEMA 1, dise\u00f1ado y fabricado conforme a la norma oficial mexicana NOM-J-351 vigente.<\/p>\t\t\t\t\t\t\t\t<\/div>\n\t\t\t\t<\/div>\n\t\t\t\t<div class=\"elementor-element elementor-element-b5331fe elementor-widget__width-initial elementor-widget elementor-widget-text-editor\" data-id=\"b5331fe\" data-element_type=\"widget\" data-widget_type=\"text-editor.default\">\n\t\t\t\t<div class=\"elementor-widget-container\">\n\t\t\t\t\t\t\t\t\t<p>Caracter\u00edsticas:<\/p><ul><li aria-level=\"1\">Arreglos de 1 y 3 fases, con gran variedad de relaciones de tensi\u00f3n.<\/li><li aria-level=\"1\">Devanados de cobre \u00f3 aluminio.\u00a0<\/li><li aria-level=\"1\">Tensiones del primario: 220 v., 380 v., 440 v., 480 v. Otras disposiciones tambi\u00e9n est\u00e1n disponibles.<\/li><li aria-level=\"1\">Tensiones del secundario: 220\/127 v., 380\/219 v., 440\/254 v., 480\/277 v. Otras disposiciones tambi\u00e9n est\u00e1n disponibles.<\/li><\/ul>\t\t\t\t\t\t\t\t<\/div>\n\t\t\t\t<\/div>\n\t\t\t\t<div class=\"elementor-element elementor-element-12d29d9 elementor-widget elementor-widget-button\" data-id=\"12d29d9\" data-element_type=\"widget\" data-widget_type=\"button.default\">\n\t\t\t\t<div class=\"elementor-widget-container\">\n\t\t\t\t\t\t\t\t\t<div class=\"elementor-button-wrapper\">\n\t\t\t\t\t<a class=\"elementor-button elementor-button-link elementor-size-sm\" href=\"#contacto\">\n\t\t\t\t\t\t<span class=\"elementor-button-content-wrapper\">\n\t\t\t\t\t\t\t\t\t<span class=\"elementor-button-text\">Cotizar<\/span>\n\t\t\t\t\t<\/span>\n\t\t\t\t\t<\/a>\n\t\t\t\t<\/div>\n\t\t\t\t\t\t\t\t<\/div>\n\t\t\t\t<\/div>\n\t\t\t\t<\/div>\n\t\t<div class=\"elementor-element elementor-element-524d959 e-con-full e-flex wpr-particle-no wpr-jarallax-no wpr-parallax-no wpr-sticky-section-no e-con e-child\" data-id=\"524d959\" data-element_type=\"container\">\n\t\t\t\t<div class=\"elementor-element elementor-element-4a1ec56 elementor-widget elementor-widget-image\" data-id=\"4a1ec56\" data-element_type=\"widget\" data-widget_type=\"image.default\">\n\t\t\t\t<div class=\"elementor-widget-container\">\n\t\t\t\t\t\t\t\t\t\t\t\t\t\t\t<img fetchpriority=\"high\" decoding=\"async\" width=\"935\" height=\"800\" src=\"https:\/\/elesaer.com.mx\/wp-content\/uploads\/2025\/07\/TR-SECO-1.png\" class=\"attachment-large size-large wp-image-196\" alt=\"\" srcset=\"https:\/\/elesaer.com.mx\/wp-content\/uploads\/2025\/07\/TR-SECO-1.png 935w, https:\/\/elesaer.com.mx\/wp-content\/uploads\/2025\/07\/TR-SECO-1-300x257.png 300w, https:\/\/elesaer.com.mx\/wp-content\/uploads\/2025\/07\/TR-SECO-1-768x657.png 768w\" sizes=\"(max-width: 935px) 100vw, 935px\" \/>\t\t\t\t\t\t\t\t\t\t\t\t\t\t\t<\/div>\n\t\t\t\t<\/div>\n\t\t\t\t<\/div>\n\t\t\t\t\t<\/div>\n\t\t\t\t<\/div>\n\t\t\t\t<\/div>\n\t\t","protected":false},"excerpt":{"rendered":"<p>TRANSFORMADOR TIPO SECO Transformador de distribuci\u00f3n el\u00e9ctrica en baja tensi\u00f3n tipo Seco, para instalaciones residenciales, comerciales o industriales, su dise\u00f1o y caracter\u00edsticas permite instalarlo cercano al centro de carga para mejorar la regulaci\u00f3n de tensi\u00f3n y obtener la mejor eficiencia energ\u00e9tica en su instalaci\u00f3n, auto enfriado por aire \u201cAA\u201d con gabinete met\u00e1lico NEMA 1, dise\u00f1ado y fabricado conforme a la norma oficial mexicana NOM-J-351 vigente. Caracter\u00edsticas: Arreglos de 1 y 3 fases, con gran variedad de relaciones de tensi\u00f3n. Devanados de cobre \u00f3 aluminio.\u00a0 Tensiones del primario: 220 v., 380 v., 440 v., 480 v. Otras disposiciones tambi\u00e9n est\u00e1n disponibles. Tensiones del secundario: 220\/127 v., 380\/219 v., 440\/254 v., 480\/277 v. Otras disposiciones tambi\u00e9n est\u00e1n disponibles. Cotizar<\/p>\n","protected":false},"author":1,"featured_media":0,"parent":0,"menu_order":0,"comment_status":"closed","ping_status":"closed","template":"","meta":{"site-sidebar-layout":"no-sidebar","site-content-layout":"","ast-site-content-layout":"full-width-container","site-content-style":"default","site-sidebar-style":"default","ast-global-header-display":"","ast-banner-title-visibility":"","ast-main-header-display":"","ast-hfb-above-header-display":"","ast-hfb-below-header-display":"","ast-hfb-mobile-header-display":"","site-post-title":"disabled","ast-breadcrumbs-content":"","ast-featured-img":"disabled","footer-sml-layout":"","theme-transparent-header-meta":"","adv-header-id-meta":"","stick-header-meta":"","header-above-stick-meta":"","header-main-stick-meta":"","header-below-stick-meta":"","astra-migrate-meta-layouts":"default","ast-page-background-enabled":"default","ast-page-background-meta":{"desktop":{"background-color":"var(--ast-global-color-5)","background-image":"","background-repeat":"repeat","background-position":"center center","background-size":"auto","background-attachment":"scroll","background-type":"","background-media":"","overlay-type":"","overlay-color":"","overlay-opacity":"","overlay-gradient":""},"tablet":{"background-color":"","background-image":"","background-repeat":"repeat","background-position":"center center","background-size":"auto","background-attachment":"scroll","background-type":"","background-media":"","overlay-type":"","overlay-color":"","overlay-opacity":"","overlay-gradient":""},"mobile":{"background-color":"","background-image":"","background-repeat":"repeat","background-position":"center center","background-size":"auto","background-attachment":"scroll","background-type":"","background-media":"","overlay-type":"","overlay-color":"","overlay-opacity":"","overlay-gradient":""}},"ast-content-background-meta":{"desktop":{"background-color":"var(--ast-global-color-4)","background-image":"","background-repeat":"repeat","background-position":"center center","background-size":"auto","background-attachment":"scroll","background-type":"","background-media":"","overlay-type":"","overlay-color":"","overlay-opacity":"","overlay-gradient":""},"tablet":{"background-color":"var(--ast-global-color-4)","background-image":"","background-repeat":"repeat","background-position":"center center","background-size":"auto","background-attachment":"scroll","background-type":"","background-media":"","overlay-type":"","overlay-color":"","overlay-opacity":"","overlay-gradient":""},"mobile":{"background-color":"var(--ast-global-color-4)","background-image":"","background-repeat":"repeat","background-position":"center center","background-size":"auto","background-attachment":"scroll","background-type":"","background-media":"","overlay-type":"","overlay-color":"","overlay-opacity":"","overlay-gradient":""}},"footnotes":""},"class_list":["post-294","page","type-page","status-publish","hentry"],"yoast_head":"<!-- This site is optimized with the Yoast SEO plugin v25.3 - https:\/\/yoast.com\/wordpress\/plugins\/seo\/ -->\n<title>Transformador tipo seco - Elesa<\/title>\n<meta name=\"robots\" content=\"noindex, follow, max-snippet:-1, max-image-preview:large, max-video-preview:-1\" \/>\n<meta property=\"og:locale\" content=\"es_ES\" \/>\n<meta property=\"og:type\" content=\"article\" \/>\n<meta property=\"og:title\" content=\"Transformador tipo seco - Elesa\" \/>\n<meta property=\"og:description\" content=\"TRANSFORMADOR TIPO SECO Transformador de distribuci\u00f3n el\u00e9ctrica en baja tensi\u00f3n tipo Seco, para instalaciones residenciales, comerciales o industriales, su dise\u00f1o y caracter\u00edsticas permite instalarlo cercano al centro de carga para mejorar la regulaci\u00f3n de tensi\u00f3n y obtener la mejor eficiencia energ\u00e9tica en su instalaci\u00f3n, auto enfriado por aire \u201cAA\u201d con gabinete met\u00e1lico NEMA 1, dise\u00f1ado y fabricado conforme a la norma oficial mexicana NOM-J-351 vigente. Caracter\u00edsticas: Arreglos de 1 y 3 fases, con gran variedad de relaciones de tensi\u00f3n. Devanados de cobre \u00f3 aluminio.\u00a0 Tensiones del primario: 220 v., 380 v., 440 v., 480 v. Otras disposiciones tambi\u00e9n est\u00e1n disponibles. Tensiones del secundario: 220\/127 v., 380\/219 v., 440\/254 v., 480\/277 v. Otras disposiciones tambi\u00e9n est\u00e1n disponibles. Cotizar\" \/>\n<meta property=\"og:url\" content=\"https:\/\/elesaer.com.mx\/?page_id=294\" \/>\n<meta property=\"og:site_name\" content=\"Elesa\" \/>\n<meta property=\"article:modified_time\" content=\"2025-07-04T21:22:34+00:00\" \/>\n<meta property=\"og:image\" content=\"https:\/\/elesaer.com.mx\/wp-content\/uploads\/2025\/07\/TR-SECO-1.png\" \/>\n\t<meta property=\"og:image:width\" content=\"935\" \/>\n\t<meta property=\"og:image:height\" content=\"800\" \/>\n\t<meta property=\"og:image:type\" content=\"image\/png\" \/>\n<meta name=\"twitter:card\" content=\"summary_large_image\" \/>\n<meta name=\"twitter:label1\" content=\"Tiempo de lectura\" \/>\n\t<meta name=\"twitter:data1\" content=\"1 minuto\" \/>\n<script type=\"application\/ld+json\" class=\"yoast-schema-graph\">{\"@context\":\"https:\/\/schema.org\",\"@graph\":[{\"@type\":\"WebPage\",\"@id\":\"https:\/\/elesaer.com.mx\/?page_id=294\",\"url\":\"https:\/\/elesaer.com.mx\/?page_id=294\",\"name\":\"Transformador tipo seco - Elesa\",\"isPartOf\":{\"@id\":\"https:\/\/elesaer.com.mx\/#website\"},\"primaryImageOfPage\":{\"@id\":\"https:\/\/elesaer.com.mx\/?page_id=294#primaryimage\"},\"image\":{\"@id\":\"https:\/\/elesaer.com.mx\/?page_id=294#primaryimage\"},\"thumbnailUrl\":\"https:\/\/elesaer.com.mx\/wp-content\/uploads\/2025\/07\/TR-SECO-1.png\",\"datePublished\":\"2025-07-04T21:18:34+00:00\",\"dateModified\":\"2025-07-04T21:22:34+00:00\",\"breadcrumb\":{\"@id\":\"https:\/\/elesaer.com.mx\/?page_id=294#breadcrumb\"},\"inLanguage\":\"es\",\"potentialAction\":[{\"@type\":\"ReadAction\",\"target\":[\"https:\/\/elesaer.com.mx\/?page_id=294\"]}]},{\"@type\":\"ImageObject\",\"inLanguage\":\"es\",\"@id\":\"https:\/\/elesaer.com.mx\/?page_id=294#primaryimage\",\"url\":\"https:\/\/elesaer.com.mx\/wp-content\/uploads\/2025\/07\/TR-SECO-1.png\",\"contentUrl\":\"https:\/\/elesaer.com.mx\/wp-content\/uploads\/2025\/07\/TR-SECO-1.png\",\"width\":935,\"height\":800},{\"@type\":\"BreadcrumbList\",\"@id\":\"https:\/\/elesaer.com.mx\/?page_id=294#breadcrumb\",\"itemListElement\":[{\"@type\":\"ListItem\",\"position\":1,\"name\":\"Portada\",\"item\":\"https:\/\/elesaer.com.mx\/\"},{\"@type\":\"ListItem\",\"position\":2,\"name\":\"Transformador tipo seco\"}]},{\"@type\":\"WebSite\",\"@id\":\"https:\/\/elesaer.com.mx\/#website\",\"url\":\"https:\/\/elesaer.com.mx\/\",\"name\":\"Elesa\",\"description\":\"\",\"potentialAction\":[{\"@type\":\"SearchAction\",\"target\":{\"@type\":\"EntryPoint\",\"urlTemplate\":\"https:\/\/elesaer.com.mx\/?s={search_term_string}\"},\"query-input\":{\"@type\":\"PropertyValueSpecification\",\"valueRequired\":true,\"valueName\":\"search_term_string\"}}],\"inLanguage\":\"es\"}]}<\/script>\n<!-- \/ Yoast SEO plugin. -->","yoast_head_json":{"title":"Transformador tipo seco - Elesa","robots":{"index":"noindex","follow":"follow","max-snippet":"max-snippet:-1","max-image-preview":"max-image-preview:large","max-video-preview":"max-video-preview:-1"},"og_locale":"es_ES","og_type":"article","og_title":"Transformador tipo seco - Elesa","og_description":"TRANSFORMADOR TIPO SECO Transformador de distribuci\u00f3n el\u00e9ctrica en baja tensi\u00f3n tipo Seco, para instalaciones residenciales, comerciales o industriales, su dise\u00f1o y caracter\u00edsticas permite instalarlo cercano al centro de carga para mejorar la regulaci\u00f3n de tensi\u00f3n y obtener la mejor eficiencia energ\u00e9tica en su instalaci\u00f3n, auto enfriado por aire \u201cAA\u201d con gabinete met\u00e1lico NEMA 1, dise\u00f1ado y fabricado conforme a la norma oficial mexicana NOM-J-351 vigente. Caracter\u00edsticas: Arreglos de 1 y 3 fases, con gran variedad de relaciones de tensi\u00f3n. Devanados de cobre \u00f3 aluminio.\u00a0 Tensiones del primario: 220 v., 380 v., 440 v., 480 v. Otras disposiciones tambi\u00e9n est\u00e1n disponibles. Tensiones del secundario: 220\/127 v., 380\/219 v., 440\/254 v., 480\/277 v. Otras disposiciones tambi\u00e9n est\u00e1n disponibles. Cotizar","og_url":"https:\/\/elesaer.com.mx\/?page_id=294","og_site_name":"Elesa","article_modified_time":"2025-07-04T21:22:34+00:00","og_image":[{"width":935,"height":800,"url":"https:\/\/elesaer.com.mx\/wp-content\/uploads\/2025\/07\/TR-SECO-1.png","type":"image\/png"}],"twitter_card":"summary_large_image","twitter_misc":{"Tiempo de lectura":"1 minuto"},"schema":{"@context":"https:\/\/schema.org","@graph":[{"@type":"WebPage","@id":"https:\/\/elesaer.com.mx\/?page_id=294","url":"https:\/\/elesaer.com.mx\/?page_id=294","name":"Transformador tipo seco - Elesa","isPartOf":{"@id":"https:\/\/elesaer.com.mx\/#website"},"primaryImageOfPage":{"@id":"https:\/\/elesaer.com.mx\/?page_id=294#primaryimage"},"image":{"@id":"https:\/\/elesaer.com.mx\/?page_id=294#primaryimage"},"thumbnailUrl":"https:\/\/elesaer.com.mx\/wp-content\/uploads\/2025\/07\/TR-SECO-1.png","datePublished":"2025-07-04T21:18:34+00:00","dateModified":"2025-07-04T21:22:34+00:00","breadcrumb":{"@id":"https:\/\/elesaer.com.mx\/?page_id=294#breadcrumb"},"inLanguage":"es","potentialAction":[{"@type":"ReadAction","target":["https:\/\/elesaer.com.mx\/?page_id=294"]}]},{"@type":"ImageObject","inLanguage":"es","@id":"https:\/\/elesaer.com.mx\/?page_id=294#primaryimage","url":"https:\/\/elesaer.com.mx\/wp-content\/uploads\/2025\/07\/TR-SECO-1.png","contentUrl":"https:\/\/elesaer.com.mx\/wp-content\/uploads\/2025\/07\/TR-SECO-1.png","width":935,"height":800},{"@type":"BreadcrumbList","@id":"https:\/\/elesaer.com.mx\/?page_id=294#breadcrumb","itemListElement":[{"@type":"ListItem","position":1,"name":"Portada","item":"https:\/\/elesaer.com.mx\/"},{"@type":"ListItem","position":2,"name":"Transformador tipo seco"}]},{"@type":"WebSite","@id":"https:\/\/elesaer.com.mx\/#website","url":"https:\/\/elesaer.com.mx\/","name":"Elesa","description":"","potentialAction":[{"@type":"SearchAction","target":{"@type":"EntryPoint","urlTemplate":"https:\/\/elesaer.com.mx\/?s={search_term_string}"},"query-input":{"@type":"PropertyValueSpecification","valueRequired":true,"valueName":"search_term_string"}}],"inLanguage":"es"}]}},"_links":{"self":[{"href":"https:\/\/elesaer.com.mx\/index.php?rest_route=\/wp\/v2\/pages\/294","targetHints":{"allow":["GET"]}}],"collection":[{"href":"https:\/\/elesaer.com.mx\/index.php?rest_route=\/wp\/v2\/pages"}],"about":[{"href":"https:\/\/elesaer.com.mx\/index.php?rest_route=\/wp\/v2\/types\/page"}],"author":[{"embeddable":true,"href":"https:\/\/elesaer.com.mx\/index.php?rest_route=\/wp\/v2\/users\/1"}],"replies":[{"embeddable":true,"href":"https:\/\/elesaer.com.mx\/index.php?rest_route=%2Fwp%2Fv2%2Fcomments&post=294"}],"version-history":[{"count":4,"href":"https:\/\/elesaer.com.mx\/index.php?rest_route=\/wp\/v2\/pages\/294\/revisions"}],"predecessor-version":[{"id":298,"href":"https:\/\/elesaer.com.mx\/index.php?rest_route=\/wp\/v2\/pages\/294\/revisions\/298"}],"wp:attachment":[{"href":"https:\/\/elesaer.com.mx\/index.php?rest_route=%2Fwp%2Fv2%2Fmedia&parent=294"}],"curies":[{"name":"wp","href":"https:\/\/api.w.org\/{rel}","templated":true}]}}